{"id":230,"date":"2023-09-13T11:38:36","date_gmt":"2023-09-13T11:38:36","guid":{"rendered":"https:\/\/kgv-rheydt-dohr.de\/?page_id=230"},"modified":"2025-03-14T08:05:41","modified_gmt":"2025-03-14T08:05:41","slug":"dohrer-clubhaus","status":"publish","type":"page","link":"https:\/\/kgv-rheydt-dohr.de\/?page_id=230","title":{"rendered":"Dohrer Clubhaus"},"content":{"rendered":"\n\n\n<figure class=\"wp-block-gallery has-nested-images columns-default is-cropped wp-block-gallery-1 is-layout-flex wp-block-gallery-is-layout-flex\">\n<figure class=\"wp-block-image size-large\"><img loading=\"lazy\" decoding=\"async\" width=\"319\" height=\"179\" data-id=\"239\" src=\"https:\/\/kgv-rheydt-dohr.de\/wp-content\/uploads\/2023\/09\/image.jpg\" alt=\"\" class=\"wp-image-239\" srcset=\"https:\/\/kgv-rheydt-dohr.de\/wp-content\/uploads\/2023\/09\/image.jpg 319w, https:\/\/kgv-rheydt-dohr.de\/wp-content\/uploads\/2023\/09\/image-300x168.jpg 300w\" sizes=\"auto, (max-width: 319px) 100vw, 319px\" \/><\/figure>\n\n\n\n<figure class=\"wp-block-image size-large\"><img loading=\"lazy\" decoding=\"async\" width=\"319\" height=\"319\" data-id=\"238\" src=\"https:\/\/kgv-rheydt-dohr.de\/wp-content\/uploads\/2023\/09\/image-2.jpg\" alt=\"\" class=\"wp-image-238\" srcset=\"https:\/\/kgv-rheydt-dohr.de\/wp-content\/uploads\/2023\/09\/image-2.jpg 319w, https:\/\/kgv-rheydt-dohr.de\/wp-content\/uploads\/2023\/09\/image-2-300x300.jpg 300w, https:\/\/kgv-rheydt-dohr.de\/wp-content\/uploads\/2023\/09\/image-2-150x150.jpg 150w\" sizes=\"auto, (max-width: 319px) 100vw, 319px\" \/><\/figure>\n\n\n\n<figure class=\"wp-block-image size-large\"><img loading=\"lazy\" decoding=\"async\" width=\"319\" height=\"193\" data-id=\"240\" src=\"https:\/\/kgv-rheydt-dohr.de\/wp-content\/uploads\/2023\/09\/image-1-1.jpg\" alt=\"\" class=\"wp-image-240\" srcset=\"https:\/\/kgv-rheydt-dohr.de\/wp-content\/uploads\/2023\/09\/image-1-1.jpg 319w, https:\/\/kgv-rheydt-dohr.de\/wp-content\/uploads\/2023\/09\/image-1-1-300x182.jpg 300w\" sizes=\"auto, (max-width: 319px) 100vw, 319px\" \/><\/figure>\n<\/figure>\n\n\n\n<p><\/p>\n\n\n\n<p class=\"has-black-color has-text-color has-medium-font-size\"><strong>Suchen Sie nach dem idealen Veranstaltungsort f\u00fcr Ihre Feier?<\/strong><\/p>\n\n\n\n<p>Das <strong>Dohrer Clubhaus<\/strong> bietet Ihnen zwei einladende Veranstaltungsr\u00e4ume f\u00fcr Ihre besonderen Anl\u00e4sse.<\/p>\n\n\n\n<h3 class=\"wp-block-heading\"><strong>Gastst\u00e4ttenbereich<\/strong><\/h3>\n\n\n\n<p>Im gem\u00fctlichen Gastst\u00e4ttenbereich k\u00f6nnen Sie Ihre Feier genau so gestalten, wie Sie es sich immer gew\u00fcnscht haben \u2013 sei es ein Geburtstag, eine Hochzeit oder eine gesellige Zusammenkunft.<\/p>\n\n\n\n<p>Unser Gastst\u00e4ttenbereich bietet Platz f\u00fcr bis zu <strong>100 Personen (stehend)<\/strong> und bietet eine angenehme Atmosph\u00e4re f\u00fcr Ihre Veranstaltung.<\/p>\n\n\n\n<h3 class=\"wp-block-heading\"><strong>Veranstaltungssaal<\/strong><\/h3>\n\n\n\n<p>Zus\u00e4tzlich steht Ihnen unser vielseitiger Veranstaltungssaal zur Verf\u00fcgung, den Sie entweder separat oder in Kombination mit anderen R\u00e4umen mieten k\u00f6nnen. Der <strong>Veranstaltungssaal<\/strong> eignet sich ideal f\u00fcr Tagungen, Feiern oder gesch\u00e4ftliche Sitzungen und bietet Platz f\u00fcr bis zu <strong>40 Personen (sitzend)<\/strong>.<\/p>\n\n\n\n<h3 class=\"wp-block-heading\"><strong>Unser Service<\/strong><\/h3>\n\n\n\n<p>Im <strong>Dohrer Clubhaus<\/strong> bieten wir Ihnen ein Rundum-Sorglos-Paket. Unsere umfangreichen Dienstleistungen umfassen Catering, Getr\u00e4nke sowie eine moderne Ton- und Lichtanlage. Unser freundliches Team steht Ihnen jederzeit zur Seite, um Ihre Veranstaltung unvergesslich zu machen.<\/p>\n\n\n\n<h3 class=\"wp-block-heading\"><strong>Trauerfeiern<\/strong><\/h3>\n\n\n\n<p>Auch in schweren Zeiten sind wir f\u00fcr Sie da. Unser Team unterst\u00fctzt Sie bei der Organisation eines <strong>Beerdigungskaffees<\/strong>, damit Sie sich auf das Wesentliche konzentrieren k\u00f6nnen.<\/p>\n\n\n\n<h3 class=\"wp-block-heading\"><strong>Standort &amp; Kontakt<\/strong><\/h3>\n\n\n\n<p>\ud83d\udccd <strong>Dohrer Clubhaus<\/strong> \u2013 Br\u00fcckenstra\u00dfe 141, M\u00f6nchengladbach\/Rheydt Dohr<\/p>\n\n\n\n<p>\ud83d\udcde <strong>Reservierungen &amp; Anfragen:<\/strong><br>\ud83d\udcf1 <strong>0176-32082449<\/strong> oder <strong>0176-39608930<\/strong><br>\ud83d\udce7 <strong><a>dohrer-clubhaus@gmx.de<\/a><\/strong><\/p>\n\n\n\n<p>Weitere Informationen finden Sie auf unserer Website:<br>\ud83c\udf10 <a href=\"https:\/\/www.dohrer-clubhaus.de\">www.dohrer-clubhaus.de<\/a><\/p>\n\n\n\n<p>Reservieren Sie noch heute und planen Sie Ihr n\u00e4chstes Event im <strong>Dohrer Clubhaus<\/strong>!<\/p>\n\n\n\n<div class=\"wpforms-container wpforms-container-full\" id=\"wpforms-245\"><form id=\"wpforms-form-245\" class=\"wpforms-validate wpforms-form wpforms-ajax-form\" data-formid=\"245\" method=\"post\" enctype=\"multipart\/form-data\" action=\"\/index.php?rest_route=%2Fwp%2Fv2%2Fpages%2F230\" data-token=\"2a07a9eea0fa27ad1313a8d6316898c6\" data-token-time=\"1776029996\"><noscript class=\"wpforms-error-noscript\">Bitte aktiviere JavaScript in deinem Browser, um dieses Formular fertigzustellen.<\/noscript><div class=\"wpforms-field-container\"><div id=\"wpforms-245-field_0-container\" class=\"wpforms-field wpforms-field-name\" data-field-id=\"0\"><label class=\"wpforms-field-label\">Name <span class=\"wpforms-required-label\">*<\/span><\/label><div class=\"wpforms-field-row wpforms-field-medium\"><div class=\"wpforms-field-row-block wpforms-first wpforms-one-half\"><input type=\"text\" id=\"wpforms-245-field_0\" class=\"wpforms-field-name-first wpforms-field-required\" name=\"wpforms[fields][0][first]\" required><label for=\"wpforms-245-field_0\" class=\"wpforms-field-sublabel after\">Vorname<\/label><\/div><div class=\"wpforms-field-row-block wpforms-one-half\"><input type=\"text\" id=\"wpforms-245-field_0-last\" class=\"wpforms-field-name-last wpforms-field-required\" name=\"wpforms[fields][0][last]\" required><label for=\"wpforms-245-field_0-last\" class=\"wpforms-field-sublabel after\">Nachname<\/label><\/div><\/div><\/div><div id=\"wpforms-245-field_3-container\" class=\"wpforms-field wpforms-field-number\" data-field-id=\"3\"><label class=\"wpforms-field-label\" for=\"wpforms-245-field_3\">Telefon <span class=\"wpforms-required-label\">*<\/span><\/label><input type=\"number\" id=\"wpforms-245-field_3\" class=\"wpforms-field-medium wpforms-field-required\" name=\"wpforms[fields][3]\" step=\"any\" required><\/div><div id=\"wpforms-245-field_1-container\" class=\"wpforms-field wpforms-field-email\" data-field-id=\"1\"><label class=\"wpforms-field-label\" for=\"wpforms-245-field_1\">Email <span class=\"wpforms-required-label\">*<\/span><\/label><input type=\"email\" id=\"wpforms-245-field_1\" class=\"wpforms-field-medium wpforms-field-required\" name=\"wpforms[fields][1]\" spellcheck=\"false\" required><\/div><div id=\"wpforms-245-field_2-container\" class=\"wpforms-field wpforms-field-textarea\" data-field-id=\"2\"><label class=\"wpforms-field-label\" for=\"wpforms-245-field_2\">Nachricht <span class=\"wpforms-required-label\">*<\/span><\/label><textarea id=\"wpforms-245-field_2\" class=\"wpforms-field-medium wpforms-field-required\" name=\"wpforms[fields][2]\" required><\/textarea><\/div><\/div><!-- .wpforms-field-container --><div class=\"wpforms-submit-container\" ><input type=\"hidden\" name=\"wpforms[id]\" value=\"245\"><input type=\"hidden\" name=\"page_title\" value=\"\"><input type=\"hidden\" name=\"page_url\" value=\"https:\/\/kgv-rheydt-dohr.de\/index.php?rest_route=\/wp\/v2\/pages\/230\"><input type=\"hidden\" name=\"url_referer\" value=\"\"><button type=\"submit\" name=\"wpforms[submit]\" id=\"wpforms-submit-245\" class=\"wpforms-submit\" data-alt-text=\"Sending...\" data-submit-text=\"Senden\" aria-live=\"assertive\" value=\"wpforms-submit\">Senden<\/button><img loading=\"lazy\" decoding=\"async\" src=\"https:\/\/kgv-rheydt-dohr.de\/wp-content\/plugins\/wpforms-lite\/assets\/images\/submit-spin.svg\" class=\"wpforms-submit-spinner\" style=\"display: none;\" width=\"26\" height=\"26\" alt=\"Wird geladen\"><\/div><\/form><\/div>  <!-- .wpforms-container -->\n","protected":false},"excerpt":{"rendered":"<p>Suchen Sie nach dem idealen Veranstaltungsort f\u00fcr Ihre Feier? Das Dohrer Clubhaus bietet Ihnen zwei einladende Veranstaltungsr\u00e4ume f\u00fcr Ihre besonderen Anl\u00e4sse. Gastst\u00e4ttenbereich Im gem\u00fctlichen Gastst\u00e4ttenbereich k\u00f6nnen Sie Ihre Feier genau so gestalten, wie Sie es sich immer gew\u00fcnscht haben \u2013 sei es ein Geburtstag, eine Hochzeit oder eine gesellige Zusammenkunft. Unser Gastst\u00e4ttenbereich bietet Platz f\u00fcr [&hellip;]<\/p>\n","protected":false},"author":1,"featured_media":0,"parent":0,"menu_order":0,"comment_status":"closed","ping_status":"closed","template":"","meta":{"footnotes":""},"class_list":["post-230","page","type-page","status-publish","hentry"],"_links":{"self":[{"href":"https:\/\/kgv-rheydt-dohr.de\/index.php?rest_route=\/wp\/v2\/pages\/230","targetHints":{"allow":["GET"]}}],"collection":[{"href":"https:\/\/kgv-rheydt-dohr.de\/index.php?rest_route=\/wp\/v2\/pages"}],"about":[{"href":"https:\/\/kgv-rheydt-dohr.de\/index.php?rest_route=\/wp\/v2\/types\/page"}],"author":[{"embeddable":true,"href":"https:\/\/kgv-rheydt-dohr.de\/index.php?rest_route=\/wp\/v2\/users\/1"}],"replies":[{"embeddable":true,"href":"https:\/\/kgv-rheydt-dohr.de\/index.php?rest_route=%2Fwp%2Fv2%2Fcomments&post=230"}],"version-history":[{"count":11,"href":"https:\/\/kgv-rheydt-dohr.de\/index.php?rest_route=\/wp\/v2\/pages\/230\/revisions"}],"predecessor-version":[{"id":274,"href":"https:\/\/kgv-rheydt-dohr.de\/index.php?rest_route=\/wp\/v2\/pages\/230\/revisions\/274"}],"wp:attachment":[{"href":"https:\/\/kgv-rheydt-dohr.de\/index.php?rest_route=%2Fwp%2Fv2%2Fmedia&parent=230"}],"curies":[{"name":"wp","href":"https:\/\/api.w.org\/{rel}","templated":true}]}}